{"id":262,"date":"2025-02-09T12:19:07","date_gmt":"2025-02-09T11:19:07","guid":{"rendered":"https:\/\/kirizaki.it\/?page_id=262"},"modified":"2025-02-10T23:03:06","modified_gmt":"2025-02-10T22:03:06","slug":"filosofia","status":"publish","type":"page","link":"https:\/\/kirizaki.it\/index.php\/attivita\/danza\/filosofia\/","title":{"rendered":"Filosofia"},"content":{"rendered":"\n<p>La Zashiki-Mai \u00e8 caratterizzata da dettagliate espressioni che prendono forma nell\u2019atmosfera densa di una piccola stanza denominata Zashiki. <\/p>\n\n\n\n<p>Per questa ragione riteniamo sia importante danzare all\u2019interno di un contesto semplice e senza luci artificiali, cos\u00ec che, il contenuto della danza, possa essere veicolato con maggior chiarezza raggiungendo gli spettatori integralmente.<\/p>\n\n\n\n<p>Tuttavia, pur trovandosi dinnanzi allo stesso brano, l\u2019atmosfera creata \u00e8 differente; la stessa viene condiziona dalla personalit\u00e0, dalla vita e dall\u2019esperienza di ciascuna danzatrice, tutti aspetti che influenzano profondamente la performance trasmettendo allo spettatore sensazioni completamente differenti.<\/p>\n\n\n\n<p>Ne consegue che, danzare, non si limitata meramente a eseguire una coreografia, si tratta, invece, della trasposizione del \u201cmondo interiore\u201d della danzatrice, accompagnata nei movimenti dalle note appena accennate di un sangen.<\/p>\n\n\n\n<h2 class=\"wp-block-heading\">Zen danzante<\/h2>\n\n\n\n<p>Dato che la Danza \u00e8 un mezzo per rappresentare il \u201cmondo interiore\u201d, sia le emozioni che l\u2019umanit\u00e0 della danzatrice vengono rivelati. <\/p>\n\n\n\n<p>A chi danza \u00e8 dunque offerta l\u2019occasione di migliorarsi continuamente.<\/p>\n\n\n\n<p>Fino ad oltre cento anni fa, infatti, la danza non era appannaggio esclusivo delle Geisha &#8211; che erano intrattenitrici di clienti professioniste &#8211; ma dei figli dell\u2019alta societ\u00e0 che approcciavano a quest&#8217;arte proprio per potersi migliorare.<\/p>\n\n\n\n<p>Ci sono, quindi, cose che possono essere vissute solo praticando la danza senza pensare o dover necessariamente mostrare la danza ad altri.<\/p>\n\n\n\n<p>Meditare su questi aspetti, mentre si danza, apre ad un dialogo con s\u00e9 stessi. Questo esercizio \u00e8 una forma di allenamento che pu\u00f2 essere denominato \u201cZen danzante\u201d.<\/p>\n\n\n\n<p>Scegliendo la Danza come uno dei tanti metodi di allenamento che conducono a questa via (Michi), attraverso la pratica assidua, speriamo di arricchire la nostra vita interiore raggiungendo lo stato di quiete mentale.<\/p>\n\n\n\n<h2 class=\"wp-block-heading\">Consegnare il testimone<\/h2>\n\n\n\n<p>Molti beni culturali in Giappone sono realizzati in legno, un materiale che si deteriora facilmente ed il cui restauro \u00e8 spesso difficoltoso.<br>Nell\u2019approcciare ad un\u2019opera da restaurare la cosa pi\u00f9 importante \u00e8 identificare cosa \u00e8 possibile preservare e cosa debba invece essere ricostruito.<br>Met\u00e0 del tempo richiesto per un restauro \u00e8 risaputo essere dedicato a riflettere su questa considerazione.<br>&nbsp;<br>Lo stesso vale per la danza Mai.<br>In taluni casi, possiamo asserire che tale riflessione risulti persino pi\u00f9 delicata dato che essa sta scomparendo senza lasciare tracce.<br>&nbsp;<br>Se non riflettiamo con la dovuta attenzione sul come accettare i cambiamenti, della danza Mai ne rimarr\u00e0 solo la forma poich\u00e9, la sua essenza, andr\u00e0 via via appassendo col passare del tempo.<br>Se non facciamo lo sforzo di considerare con attenzione cosa pu\u00f2 essere cambiato da cosa non deve essere cambiato, perderemo di vista l\u2019intento originale.<\/p>\n\n\n\n<p>\u00c8 altrettanto importante cambiare lo stereotipo che le prove e l\u2019esibizione richiedano cospicui investimenti di denaro, cos\u00ec da poter creare maggiori opportunit\u00e0 per consentire alle persone di approcciare, conoscere ed imparare la danza Mai.<br>&nbsp;<br>Crediamo che la danza Mai, eseguita in uno zashiki (piccola stanza di tatami), rappresenti un contesto pi\u00f9 familiare, risultando delicata ed essenzialmente pi\u00f9 naturale che in un teatro.<br>&nbsp;<br>Infine, riteniamo che, in essa, sia insito ci sia un fascino non ancora colto.<br>&nbsp;<br>\u00c8 quel Fascino che ha sempre saputo catturare il cuore di tante persone, ragion per cui, oggi, \u00e8 potuto giungere fino a noi, ancora attuale ed accessibile.<br>&nbsp;<br>L&#8217;Associazione Culturale kirizaki, grazie alla <em>Kirizaki Classical Dance Academy &amp; Associates<\/em> sta lavorando duramente per preservare la danza Zashiki-Mai consegnandola, intatta nell&#8217;essenza, a beneficio delle generazioni future.<\/p>\n","protected":false},"excerpt":{"rendered":"<p>La Zashiki-Mai \u00e8 caratterizzata da dettagliate espressioni che prendono forma nell\u2019atmosfera densa di una piccola stanza denominata Zashiki. Per questa ragione riteniamo sia importante danzare all\u2019interno di un contesto semplice e senza luci artificiali, cos\u00ec che, il contenuto della danza, possa essere veicolato con maggior chiarezza raggiungendo gli spettatori integralmente. Tuttavia, pur trovandosi dinnanzi allo [&hellip;]<\/p>\n","protected":false},"author":1,"featured_media":0,"parent":176,"menu_order":3,"comment_status":"closed","ping_status":"closed","template":"","meta":{"footnotes":""},"class_list":["post-262","page","type-page","status-publish","hentry"],"_links":{"self":[{"href":"https:\/\/kirizaki.it\/index.php\/wp-json\/wp\/v2\/pages\/262","targetHints":{"allow":["GET"]}}],"collection":[{"href":"https:\/\/kirizaki.it\/index.php\/wp-json\/wp\/v2\/pages"}],"about":[{"href":"https:\/\/kirizaki.it\/index.php\/wp-json\/wp\/v2\/types\/page"}],"author":[{"embeddable":true,"href":"https:\/\/kirizaki.it\/index.php\/wp-json\/wp\/v2\/users\/1"}],"replies":[{"embeddable":true,"href":"https:\/\/kirizaki.it\/index.php\/wp-json\/wp\/v2\/comments?post=262"}],"version-history":[{"count":7,"href":"https:\/\/kirizaki.it\/index.php\/wp-json\/wp\/v2\/pages\/262\/revisions"}],"predecessor-version":[{"id":298,"href":"https:\/\/kirizaki.it\/index.php\/wp-json\/wp\/v2\/pages\/262\/revisions\/298"}],"up":[{"embeddable":true,"href":"https:\/\/kirizaki.it\/index.php\/wp-json\/wp\/v2\/pages\/176"}],"wp:attachment":[{"href":"https:\/\/kirizaki.it\/index.php\/wp-json\/wp\/v2\/media?parent=262"}],"curies":[{"name":"wp","href":"https:\/\/api.w.org\/{rel}","templated":true}]}}